023
fb77 (base 16) to base 6
1214011
Convert -32322041 (base 5) to base 3.
-112001022112
What is 3112365 (base 7) in base 12?
15ba63
What is -352412441 (base 6) in base 7?
-106541323
312000233 (base 4) to base 6
4424115
Convert -1042340 (base 9) to base 6.
-15553530
Convert -22644631 (base 7) to base 16.
-1e6f16
-1456380 (base 9) to base 4
-3010210023
-4a59809 (base 12) to base 7
-234460356
40f7 (base 16) to base 3
211210222
Convert a11ad8 (base 16) to base 7.
155512555
What is 5679d2 (base 14) in base 4?
23031331210
What is 2d90d (base 14) in base 3?
12210202122
-1183142 (base 9) to base 14
-12b23a
6d8b4 (base 15) to base 2
1010101010110011010
What is 471689 (base 11) in base 13?
202b06
Convert -113513425 (base 7) to base 14.
-d0d815
Convert -1102000221121 (base 3) to base 11.
-471517
313274 (base 15) to base 3
11101212002201
What is 106155602 (base 7) in base 11?
3740761
Convert -5335212 (base 6) to base 13.
-92135
1313221 (base 5) to base 2
110010111001101
What is -51820 (base 16) in base 3?
-121221222001
-3010571 (base 8) to base 4
-3001011321
What is -3434c0 (base 14) in base 8?
-6615300
-1100010010101000111 (base 2) to base 4
-1202111013
-5651323 (base 7) to base 9
-1278364
-23bab (base 15) to base 14
-2d799
What is -5005740 (base 8) in base 6?
-44054120
1510555 (base 6) to base 15
1abd2
What is 2125150 (base 6) in base 4?
121211322
Convert 1de041 (base 16) to base 11.
1118048
Convert 62ac44 (base 14) to base 3.
20021100212201
What is 1950156 (base 12) in base 15?
70410c
What is 102502002 (base 7) in base 9?
12403723
What is -14735667 (base 8) in base 9?
-6336661
Convert 553d (base 15) to base 2.
100011010001010
What is 3121120411 (base 5) in base 13?
14400a1
What is 744407 (base 15) in base 6?
314325324
-441356 (base 11) to base 9
-1283373
-12112211123 (base 4) to base 2
-110010110100101011011
38d216 (base 16) to base 15
4d8533
b512 (base 12) to base 10
19742
Convert -3029a (base 14) to base 13.
-4090b
What is 210624161 (base 7) in base 14?
1924ca1
112121010020 (base 3) to base 15
5a1e3
Convert 1510847 (base 11) to base 9.
4781178
What is -131030554 (base 6) in base 3?
-11211120121221
What is a1607 (base 14) in base 3?
201201100121
-1161525 (base 8) to base 10
-320341
What is -12010121210010 (base 3) in base 7?
-32122530
1002211021002 (base 3) to base 5
122241121
What is -20514001 (base 6) in base 13?
-180691
What is -2246008 (base 9) in base 13?
-335636
Convert -b4c377 (base 13) to base 11.
-24266a6
Convert -113013321 (base 5) to base 4.
-1332021213
What is 4b2854 (base 14) in base 16?
27620a
72dff (base 16) to base 10
470527
What is 501512 (base 6) in base 11?
27573
-2431605 (base 11) to base 8
-20114137
-11556 (base 15) to base 6
-1103330
What is 4086d (base 16) in base 12?
108b51
151623 (base 7) to base 10
29466
Convert -d2d0 (base 15) to base 14.
-12320
-4020342224 (base 5) to base 6
-443020443
Convert -111021202222 (base 3) to base 11.
-169561
What is 151a23 (base 12) in base 5?
42340312
de0f (base 16) to base 5
3304342
-104253 (base 8) to base 14
-ca71
Convert -18426 (base 14) to base 2.
-1110111100000010
Convert 102702 (base 9) to base 14.
18388
What is -6a034 (base 11) in base 13?
-370a1
Convert -442621 (base 8) to base 12.
-721a9
Convert -1dbd14 (base 14) to base 15.
-162072
Convert 2312012203 (base 4) to base 5.
142332031
What is 3424667 (base 11) in base 15?
7d6147
Convert 27dd8 (base 15) to base 11.
88197
What is -2574105 (base 8) in base 12?
-2a8059
What is -100311035 (base 6) in base 3?
-10012121002212
Convert 1030837 (base 9) to base 2.
10000110101101111110
Convert -56211 (base 11) to base 2.
-10011111000100101
10011000100111010 (base 2) to base 3
10222012000
Convert 32312113310 (base 4) to base 3.
21022202210222
What is 182187 (base 10) in base 13?
64c05
Convert -6678179 (base 10) to base 14.
-c5ba4b
What is -20095 (base 12) in base 8?
-121161
What is -1022210022001 (base 3) in base 7?
-5662510
Convert -12023320 (base 4) to base 8.
-61370
Convert -1104552 (base 12) to base 10.
-3242510
What is -15405342 (base 8) in base 4?
-31200223202
Convert -2b42a39 (base 12) to base 11.
-4a69358
Convert 195524 (base 10) to base 3.
100221012122
What is -a36428 (base 11) in base 5?
-411203213
367588 (base 10) to base 14
97d64
What is 332003032 (base 4) in base 12?
1030ba
-122100030 (base 5) to base 13
-174759
Convert 432a76a (base 11) to base 12.
2671754
Convert 102023202 (base 4) to base 5.
4340331
-4d198 (base 14) to base 5
-22032131
-43551 (base 10) to base 13
-16a91
Convert 11001010001001001 (base 2) to base 7.
610512
Convert 28b85 (base 12) to base 10.
56981
-6631416 (base 7) to base 16
-c6d9b
25850147 (base 9) to base 7
213122140
739b3 (base 13) to base 5
23130220
Convert -8188b (base 15) to base 8.
-1441302
Convert 100100100110011 (base 2) to base 3.
221201001
What is 1102122201220 (base 3) in base 11?
47a733
1111221010 (base 3) to base 5
1423323
What is 2d20 (base 16) in base 14?
42d2
de465 (base 16) to base 12
37aa59
Convert 1010202002221 (base 3) to base 11.
383726
Convert -298c9 (base 15) to base 14.
-3699c
-6089a8 (base 15) to base 2
-10001011111011111011001
2022101100000 (base 3) to base 8
4536147
Convert 1001110010122 (base 3) to base 2.
10001000101101100010
Convert 1525627 (base 9) to base 16.
ce0bc
Convert -6271 (base 8) to base 15.
-e72
What is -2a4a0 (base 12) in base 4?
-32200320
What is -65a82 (base 14) in base 12?
-ba642
-200917 (base 10) to base 3
-101012121101
What is -10113123012 (base 4) in base 3?
-2011010222120
Convert 98a05 (base 16) to base 2.
10011000101000000101
-18b7957 (base 13) to base 5
-4040101141
-7a0536 (base 12) to base 10
-1949946
What is 5234045 (base 7) in base 4?
2121323003
What is 877ad (base 15) in base 9?
725311
What is 1100101110110011001011 (base 2) in base 11?
197a4a8
What is -15251635 (base 7) in base 15?
-1dc04a
What is 3485c (base 16) in base 11?
1376a5
What is 3220132 (base 5) in base 15?
111cc
201111231 (base 4) to base 11
93663
What is -11110010110110 (base 2) in base 3?
-210022122
-249440 (base 10) to base 2
-111100111001100000
Convert -210301034 (base 5) to base 15.
-1226b4
-32202211231 (base 4) to base 15
-5045cd
Convert -ccce1 (base 16) to base 8.
-3146341
Convert -60832 (base 9) to base 12.
-1b20b
What is -11110000011000 (base 2) in base 12?
-8aa0
What is -10fcaa (base 16) in base 8?
-4176252
Convert 323230122 (base 4) to base 16.
3bb1a
-32107370 (base 8) to base 10
-6852344
What is -18e58 (base 15) in base 13?
-2aa5b
Convert 2212212201 (base 3) to base 11.
39722
What is -5579 (base 14) in base 11?
-10141
What is -1564820 (base 9) in base 8?
-3242402
What is 33562125 (base 8) in base 6?
415433233
What is -43433 (base 9) in base 15?
-87e0
Convert 367634 (base 11) to base 10.
581079
What is -10001000111001100000 (base 2) in base 15?
-b1226
What is -134061 (base 8) in base 2?
-1011100000110001
4466134 (base 7) to base 16
8757a
-14d11 (base 14) to base 9
-78237
Convert -8502221 (base 9) to base 4.
-101112130330
-14665b (base 12) to base 2
-1010011110000100111
Convert 122150542 (base 6) to base 7.
25644221
What is 3a19 (base 13) in base 10?
8303
-22011210121 (base 3) to base 11
-aaa30
Convert -1638887 (base 11) to base 7.
-32513214
Convert 2325814 (base 9) to base 3.
2100212220111
1010101000110010 (base 2) to base 6
533414
4db79 (base 14) to base 6
4035011
Convert -114321144 (base 6) to base 15.
-2cda01
11223132 (base 7) to base 9
1754246
Convert -1021202111022 (base 3) to base 2.
-10100111000010000001
Convert -a797 (base 14) to base 9.
-43631
Convert -22a5807 (base 12) to base 4.
-121200201013
Convert 2221202201201 (base 3) to base 5.
400220234
What is -4f4b78 (base 16) in base 14?
-993b84
What is -1107352 (base 8) in base 11?
-194493
1322135 (base 7) to base 2
101010011001000001
What is -34031230 (base 5) in base 11?
-194664
Convert -1000202011112 (base 3) to base 5.
-114434033
509302 (base 12) to base 9
2330532
Convert -120211110121012 (base 3) to base 14.
-1190398
What is -24664126 (base 7) in base 5?
-1032444441
-20020200122221 (base 3) to base 8
-14525036
-1088700 (base 9) to base 4
-2100013320
Convert -10130635 (base 7) to base 8.
-3170001
31331354 (base 6) to base 7
10524556
Convert -101617 (base 9) to base 13.
-2158c
What is 30400134 (base 6) in base 9?
1566664
af88 